{"id":1514,"date":"2009-08-14T03:03:59","date_gmt":"2009-08-14T06:03:59","guid":{"rendered":"http:\/\/www.ultimobaile.com\/?page_id=1514"},"modified":"2018-10-07T12:24:08","modified_gmt":"2018-10-07T15:24:08","slug":"sobre","status":"publish","type":"page","link":"https:\/\/www.ultimobaile.com\/?page_id=1514","title":{"rendered":"Eu Profundo &#038; Outros Eus"},"content":{"rendered":"<p>Aristocrata decadente, <strong>Lucas Jerzy Portela<\/strong> estudou no Col\u00e9gio Antonio Vieira, no Garcia; graduou-se em Psicologia pelo Campus de S\u00e3o L\u00e1zaro da Universidade Federal da Bahia (UFBA), tendo feito a maior parte do curso na Faculdade Ruy Barbosa.<\/p>\n<p style=\"text-align: justify;\">P\u00f3s-graduado (<em>lato senso<\/em> &#8211; especializa\u00e7\u00e3o) em Sa\u00fade Mental pela Faculdade de Medicina da\u00a0UFBA (curso oferecido pelo Minist\u00e9rio da Sa\u00fade e pela Escola Estadual de Sa\u00fade P\u00fablica, 2005, a servidores p\u00fablicos que atuavam na Reforma Psiqui\u00e1trica).<\/p>\n<p>\u00c9 vencedor de\u00a0diversos pr\u00eamios e concursos liter\u00e1rios nas categorias Cr\u00f4nica, Conto e Poesia.<\/p>\n<p>contato: <a href=\"mailto:lucasjerzy@gmail.com\">lucasjerzy@gmail.com<\/a><\/p>\n<p style=\"text-align: justify;\">\n","protected":false},"excerpt":{"rendered":"<p>Aristocrata decadente, Lucas Jerzy Portela estudou no Col\u00e9gio Antonio Vieira, no Garcia; graduou-se em Psicologia pelo Campus de S\u00e3o L\u00e1zaro da Universidade Federal da Bahia (UFBA), tendo feito a maior parte do curso na Faculdade Ruy Barbosa. P\u00f3s-graduado (lato senso &#8211; especializa\u00e7\u00e3o) em Sa\u00fade Mental pela Faculdade de Medicina da\u00a0UFBA [&hellip;]<\/p>\n","protected":false},"author":2,"featured_media":0,"parent":0,"menu_order":3,"comment_status":"open","ping_status":"open","template":"","meta":{"footnotes":""},"class_list":["post-1514","page","type-page","status-publish","hentry"],"_links":{"self":[{"href":"https:\/\/www.ultimobaile.com\/index.php?rest_route=\/wp\/v2\/pages\/1514","targetHints":{"allow":["GET"]}}],"collection":[{"href":"https:\/\/www.ultimobaile.com\/index.php?rest_route=\/wp\/v2\/pages"}],"about":[{"href":"https:\/\/www.ultimobaile.com\/index.php?rest_route=\/wp\/v2\/types\/page"}],"author":[{"embeddable":true,"href":"https:\/\/www.ultimobaile.com\/index.php?rest_route=\/wp\/v2\/users\/2"}],"replies":[{"embeddable":true,"href":"https:\/\/www.ultimobaile.com\/index.php?rest_route=%2Fwp%2Fv2%2Fcomments&post=1514"}],"version-history":[{"count":43,"href":"https:\/\/www.ultimobaile.com\/index.php?rest_route=\/wp\/v2\/pages\/1514\/revisions"}],"predecessor-version":[{"id":4165,"href":"https:\/\/www.ultimobaile.com\/index.php?rest_route=\/wp\/v2\/pages\/1514\/revisions\/4165"}],"wp:attachment":[{"href":"https:\/\/www.ultimobaile.com\/index.php?rest_route=%2Fwp%2Fv2%2Fmedia&parent=1514"}],"curies":[{"name":"wp","href":"https:\/\/api.w.org\/{rel}","templated":true}]}}