{"id":3677,"date":"2012-05-30T13:37:45","date_gmt":"2012-05-30T16:37:45","guid":{"rendered":"http:\/\/www.ultimobaile.com\/wp-content\/uploads\/2012\/05\/grevebuzu.jpg"},"modified":"2012-05-30T13:37:45","modified_gmt":"2012-05-30T16:37:45","slug":"paralisacao-de-onibus-em-salvador","status":"inherit","type":"attachment","link":"https:\/\/www.ultimobaile.com\/?attachment_id=3677","title":{"rendered":"Paralisa\u00e7\u00e3o de \u00f4nibus em Salvador"},"author":2,"featured_media":0,"comment_status":"open","ping_status":"open","template":"","meta":[],"class_list":["post-3677","attachment","type-attachment","status-inherit","hentry"],"description":{"rendered":"<p class=\"attachment\"><a href='https:\/\/www.ultimobaile.com\/wp-content\/uploads\/2012\/05\/grevebuzu.jpg'><img loading=\"lazy\" decoding=\"async\" width=\"300\" height=\"200\" src=\"https:\/\/www.ultimobaile.com\/wp-content\/uploads\/2012\/05\/grevebuzu-300x200.jpg\" class=\"attachment-medium size-medium\" alt=\"\" srcset=\"https:\/\/www.ultimobaile.com\/wp-content\/uploads\/2012\/05\/grevebuzu-300x200.jpg 300w, https:\/\/www.ultimobaile.com\/wp-content\/uploads\/2012\/05\/grevebuzu.jpg 900w\" sizes=\"auto, (max-width: 300px) 100vw, 300px\" \/><\/a><\/p>\n<p>Terminais de \u00c3\u00b4nibus de Salvador amanheceram vazios nesta quarta-feira<\/p>\n"},"caption":{"rendered":"<p>Terminais de \u00c3\u00b4nibus de Salvador amanheceram vazios nesta quarta-feira<\/p>\n"},"alt_text":"","media_type":"image","mime_type":"image\/jpeg","media_details":{"width":"900","height":"600","hwstring_small":"height='85' width='128'","file":"2012\/05\/grevebuzu.jpg","sizes":{"thumbnail":{"file":"grevebuzu-150x150.jpg","width":"150","height":"150","source_url":"https:\/\/www.ultimobaile.com\/wp-content\/uploads\/2012\/05\/grevebuzu-150x150.jpg"},"medium":{"file":"grevebuzu-300x200.jpg","width":"300","height":"200","source_url":"https:\/\/www.ultimobaile.com\/wp-content\/uploads\/2012\/05\/grevebuzu-300x200.jpg"},"full":{"file":"grevebuzu.jpg","width":900,"height":600,"mime_type":"image\/jpeg","source_url":"https:\/\/www.ultimobaile.com\/wp-content\/uploads\/2012\/05\/grevebuzu.jpg"}},"image_meta":{"aperture":"3.5","credit":"AE","camera":"Canon EOS-1D Mark II N","caption":"Terminais de \u00c3\u00b4nibus de Salvador amanheceram vazios nesta quarta-feira","created_timestamp":"1337758011","copyright":"Copyright \u00a9 Ag\u00eancia Estado. Todos os direitos reservados","focal_length":"16","iso":"500","shutter_speed":"0.00125","title":"Paralisa\u00e7\u00e3o de \u00f4nibus em Salvador"}},"post":3660,"source_url":"https:\/\/www.ultimobaile.com\/wp-content\/uploads\/2012\/05\/grevebuzu.jpg","_links":{"self":[{"href":"https:\/\/www.ultimobaile.com\/index.php?rest_route=\/wp\/v2\/media\/3677","targetHints":{"allow":["GET"]}}],"collection":[{"href":"https:\/\/www.ultimobaile.com\/index.php?rest_route=\/wp\/v2\/media"}],"about":[{"href":"https:\/\/www.ultimobaile.com\/index.php?rest_route=\/wp\/v2\/types\/attachment"}],"author":[{"embeddable":true,"href":"https:\/\/www.ultimobaile.com\/index.php?rest_route=\/wp\/v2\/users\/2"}],"replies":[{"embeddable":true,"href":"https:\/\/www.ultimobaile.com\/index.php?rest_route=%2Fwp%2Fv2%2Fcomments&post=3677"}],"wp:attached-to":[{"embeddable":true,"post_type":"post","id":3660,"href":"https:\/\/www.ultimobaile.com\/index.php?rest_route=\/wp\/v2\/posts\/3660"}],"curies":[{"name":"wp","href":"https:\/\/api.w.org\/{rel}","templated":true}]}}

Paralisação de ônibus em Salvador

<p class="attachment"><a href='https://www.ultimobaile.com/wp-content/uploads/2012/05/grevebuzu.jpg'><img loading="lazy" decoding="async" width="300" height="200" src="https://www.ultimobaile.com/wp-content/uploads/2012/05/grevebuzu-300x200.jpg" class="attachment-medium size-medium" alt="" srcset="https://www.ultimobaile.com/wp-content/uploads/2012/05/grevebuzu-300x200.jpg 300w, https://www.ultimobaile.com/wp-content/uploads/2012/05/grevebuzu.jpg 900w" sizes="auto, (max-width: 300px) 100vw, 300px" /></a></p>
<p>Terminais de Ã´nibus de Salvador amanheceram vazios nesta quarta-feira</p>

<p>Terminais de Ã´nibus de Salvador amanheceram vazios nesta quarta-feira</p>

Terminais de Ã´nibus de Salvador amanheceram vazios nesta quarta-feira

Copyright © Agência Estado. Todos os direitos reservados
